What is o(p)?
-23
Let j(p) = -p**2 - 7*p + 5. Let r = -218 - -235. Suppose -19 = 6*d + r. Give j(d).
11
Suppose -12*z + 227 = -25. Let l(b) = b**2 - 20*b - 39. Determine l(z).
-18
Suppose 4*q - 2*f + 86 = 0, 90 - 9 = -4*q + 3*f. Let h be q/14*(-245)/70. Let n(y) = y - 5. Calculate n(h).
1
Let o be (-36)/(-2) + (-1644)/137. Let s(q) = q**3 - 5*q**2 - 2*q + 11. Give s(o).
35
Suppose 3*o - 6 = 3, 4*o = -3*s + 66. Suppose 4*x = v + s, 4*v - 12 = -5*x - 0. Let y(w) = w**2 - 4*w. Give y(x).
0
Let s(y) = 17*y - 14. Let i be 1/6 - 161/(-42). Give s(i).
54
Let y(d) = d**2 + 9*d - 2. Let m be 348/(-24) + 2/4 + 15/3. Determine y(m).
-2
Let b(u) = 73*u + 60. Let h = -30837 - -30836. Give b(h).
-13
Let s(l) = 2*l - 2. Suppose p + c = 2, -4*p + 4*c + 24 = -0*c. Suppose -15 = -2*v + m + 1, 0 = -p*v - m + 38. Let j = 13 - v. Calculate s(j).
6
Let i be 2 - (-3 - -7) - 1. Let t(w) be the first derivative of -w**4/4 - 2*w**3 + 3*w + 305. Calculate t(i).
-24
Let a(i) = -i**3 - 9*i**2 - 20*i - 52. Let p be a(-7). Let d(r) = -r**2 - 13*r - 2. Determine d(p).
28
Let z(w) = w**2 + 6*w - 10. Suppose x = -14 - 13. Let t = -19 - x. Let d(j) = -3*j + 17. Let a be d(t). Calculate z(a).
-3
Suppose 36 = 46*u - 56. Let c(h) be the first derivative of -2/3*h**3 + 2*h + 2 + 0*h**2. What is c(u)?
-6
Suppose -16*r - 60 = 3*s - 19*r, -2*s - 13 = r. Let i(d) = -9*d + 16. Calculate i(s).
115
Let s(t) = -5*t**3 + t**2 - t - 1. Let p be (3615/(-27))/5 + 2/(-9). Let z(g) = 5*g + 12. Let c be z(-3). Let i be c/(p/(-7)) - (-40)/(-180). Calculate s(i).
6
Let y(j) = 5*j**3 - 3*j**2 + 2. Let z = 10544 + -10543. What is y(z)?
4
Let q(a) = 2*a**3 + 10*a**2 - 4*a - 14. Let k be q(-5). Let x(z) = 11*z - 73. Let y be x(k). Let s(w) = 2*w + 9. Calculate s(y).
-5
Let w(i) = 205247 - 3*i - 410498 + 205248 + 10*i. Let p(d) = -d**3 - 3*d**2 - d + 1. Let q be p(-3). Determine w(q).
25
Suppose 27 = 12*d - 9*d. Suppose 0 = d*m - 42 + 6. Let v(l) = l**3 - 3*l**2 - 3*l - 4. Calculate v(m).
0
Let a(j) be the first derivative of -5*j**2/2 - j - 2. Suppose -26*z - 68 = 17*z - 25. Give a(z).
4
Let g(q) be the second derivative of -4*q**3/3 - 2*q. Let i(f) = -268*f + 5095. Let k be i(19). Calculate g(k).
-24
Let t(k) = k**3 + k. Let c(n) = -3*n**3 - 4*n**2 - 5*n - 1. Suppose 3*l + 12 = 5*d, -4*l + 5*d + 0 = 11. Let r(s) = l*c(s) + 2*t(s). Determine r(-3).
-1
Let p(z) = -5*z**3 - 38*z**2 + 26*z - 118. Let s(x) = 13*x**3 + 84*x**2 - 52*x + 238. Let i(a) = 5*p(a) + 2*s(a). What is i(21)?
-9
Let v(q) be the first derivative of -q**3 + q**2/2 - 6*q - 92. Give v(3).
-30
Suppose -5*u - 4*c = 118, c + 12 = -6*c + 6*c. Let g(b) = 5*b**2 + 13*b + 39. Let a(n) = 11*n**2 + 25*n + 78. Let z(s) = -4*a(s) + 9*g(s). What is z(u)?
-3
Let x(l) = l**3 + l**2 - 3*l - 9. Suppose -10 = -w + 9*w - 3*w. Calculate x(w).
-7
Suppose 2592 = -5*y - 3*p, p - 2593 = 5*y + 3*p. Let j = -514 - y. Let b(s) = s**2 - 5*s. What is b(j)?
0
Let o(x) = -x**2 + 8. Let m(r) = 7*r**2 - 26*r + 128. Let n(t) = -m(t) - 6*o(t). Determine n(13).
-7
Suppose 2*r - 17 = -v, -5*v + 2*r = -2*v - 43. Suppose 10*z - v = 15. Suppose -6*a - 18 = -z*a. Let t(n) = n**2 + 5*n + 5. Calculate t(a).
11
Let j(f) = -2*f + 2. Let t(d) = -3*d**2 + 19*d - 6. Let m(y) = -y**2 - y - 1. Let p(a) = 4*m(a) - t(a). Let n be p(-23). Give j(n).
-2
Let j(x) = 4*x. Let b(d) = -2*d**2 - 15*d - 27. Let w be (7 + -6)*(74 + 0). Let k = 69 - w. Let u be b(k). Give j(u).
-8
Let c(u) = 2*u**2 - 13*u - 20. Suppose -11*h + 120 = 4*h. Let y(v) = -3*v**2 + 20*v + 31. Let q(m) = h*c(m) + 5*y(m). Let l = 30 - 23. Give q(l).
16
Let t = 54 - 55. Let g(h) = -4*h**3 + 8*h**2 - 4*h + 5. Let l(m) = -m**3 + m**2 - m + 1. Suppose 7 - 4 = 3*y. Let s(p) = y*g(p) - 5*l(p). Calculate s(t).
1
Let f(v) = -v**3 + 2*v**2 - 3*v + 1. Suppose 211*m = 232*m. Calculate f(m).
1
Let r(p) = 9 - 25 - p**2 - 32392*p + 32381*p. Let o = -7 - 4. What is r(o)?
-16
Let m(r) = r**3 + 7*r**2 + 9*r - 5. Let a be m(-3). Let k(h) = -h**3 - 24*h**2 + 0 + a + 9*h + 19*h**2. Suppose 2*o + 18 = 6. What is k(o)?
-14
Let m = 2799 - 1251. Let x(o) = 3098*o - 1551*o - 1 - m*o. Determine x(3).
-4
Let x(p) = 2*p**3 + 16*p**2 - 29*p + 2. Let d be x(-12). Let k = 808 + d. Let c(n) = 3*n + 5 - 4*n + 2. Calculate c(k).
1
Let k(b) be the first derivative of 17*b**4/4 + b**2 + b + 11. Suppose -7 - 5 = 12*r. What is k(r)?
-18
Suppose -2*z = 4*v + 36, v = -27*z + 30*z + 26. Let i(a) = a**3 + 11*a**2 + 17*a + 24. Give i(z).
-46
Let h(x) be the second derivative of 31*x + 1/6*x**4 - 4 + 1/2*x**3 - 1/2*x**2. Suppose 0 = u - 0*u + 3*z + 15, 5*u + 2*z = -23. Determine h(u).
8
Let x(v) be the first derivative of -11*v**2/2 - 128*v + 10433. What is x(-12)?
4
Let w(d) = 7*d**3 + d**2 + d - 6. Let z(c) = -5*c**3 - 2*c**2 - c + 3. Let h(t) = -3*w(t) - 4*z(t). What is h(5)?
11
Suppose -3*v - 4*v = v. Suppose 0 = -2*h - 3*b + 17, v*h - 3*h = -2*b - 6. Let f(s) = -h + 0*s**2 - 2*s + 6 + 2*s**2 - s. Determine f(2).
4
Let g be (-42)/6 - 6 - -12. Let r(i) = 19*i**2 + 2*i + 2. Give r(g).
19
Suppose c = 4*g + 1, -2*c + 62 = 4*g - 0. Let o(p) = -p**3 + 22*p**2 - 6*p - 319. What is o(c)?
-4
Let h(a) = a**2 - 6*a + 4. Let q(m) = 2*m**3 - 16*m**2 - 5*m - 2. Let u be q(9). Let s be (-2)/(-6)*23/(u/90). Calculate h(s).
4
Let l(r) = 62*r**3 + r**2 + 1. Let p be l(-2). Let g = p - -500. Let h(o) = o**3 - 8*o**2 - 9*o + 9. Determine h(g).
9
Let h(t) = -5*t**2 + t. Let l(u) = 0*u - 26*u**2 + u**3 + 22*u + 66 + 10. Let p be l(25). Calculate h(p).
-4
Suppose 4*k - 21 = 11*a - 10*a, -2*a - k - 6 = 0. Let i(y) be the second derivative of -y**4/6 - 7*y**3/6 + y**2/2 + 218*y. What is i(a)?
-14
Let a = -76 + 81. Let m(j) = -a*j**2 - 7*j + 6*j - 1 - j**3 + 0. Determine m(-5).
4
Let c(g) = 0*g**2 - g**3 + 70*g - 4*g**2 + 0*g**2 - 72*g. Let y = -26 + 23. Calculate c(y).
-3
Let u(j) = j**3 + 20*j**2 + j + 30. Suppose -765 + 245 = 26*c. Calculate u(c).
10
Let c be (2/4)/(3/60). Let q be 60/(-3)*(-68)/c. Let x(l) = -l**2 + q + 2*l - 3*l - 111. What is x(0)?
25
Let a(j) = 8 - 9*j - 33*j - 10 - 34*j + 9*j. Determine a(0).
-2
Let g be (0 - 2) + -8 + 10. Let p(s) be the third derivative of s**5/60 + 35*s**3/6 + 122*s**2. Determine p(g).
35
Let a = -28 + 38. Suppose -2*y + 5 = -g, g - 1 = 3*y - a. Let s(n) = n**2 - n + 1. Let k(p) = 4*p**2 - 2*p + 2. Let i(c) = g*s(c) - k(c). Calculate i(-3).
-5
Let y(g) be the second derivative of g**4/12 + 13*g**3/3 - 9*g**2 + 1836*g. Calculate y(-27).
9
Let b(d) = 3 + d**2 + 7 + 4 - 13*d. Let l(k) = -k**3 - 66*k**2 - 688*k + 64. Let s be l(-53). Calculate b(s).
-8
Let v(m) be the third derivative of m**6/120 + m**5/60 - m**4/12 + m**3 + 2*m**2 - 236*m. What is v(-4)?
-34
Let o(h) = 11*h**2 + 6*h - 12. Let r(d) = -24*d**2 - 13*d + 26. Let a(x) = 13*o(x) + 6*r(x). Calculate a(3).
-9
Let y(x) be the first derivative of -9*x**2 - 113*x + 1890. What is y(-7)?
13
Let l(t) = -t**3 + 7*t**2 + t - 7. Let n(d) be the third derivative of -d**6/120 + 11*d**5/60 + 11*d**4/6 - 7*d**3/2 + 35*d**2. Let i be n(14). Calculate l(i).
0
Let c(a) = 3*a**3 - 4*a - 714*a**2 - 4*a**3 + 721*a**2 + 42. What is c(8)?
-54
Suppose 0 = -12*o + 377 + 139. Suppose 5*c - 3 = 4*f - o, 5*c + 2*f = -40. Let m(n) = n**2 + 7*n. Calculate m(c).
8
Suppose 0 = 3*v + 3, -3*v - 2*v + 5 = 2*x. Let n(c) = -5 + c + 12 + x. Let d be n(-8). Let t(z) = -z**2 + 3*z + 1. What is t(d)?
-3
Let o(d) = -4 + 4 + 3*d - 7 + 0. Let f = 304 - 273. Suppose f*r - 135 = 4*r. Determine o(r).
8
Suppose 123*n = 6*n - 1170. Let v(h) = -h - 4. Determine v(n).
6
Let t(w) be the second derivative of 1/2*w**3 + 6*w + 2*w**2 + 0. Let n(s) = -7*s - 7. Let y(h) = -2*n(h) - 5*t(h). Give y(-6).
0
Let q(u) = -13*u**2. Let g(b) = 77*b**2 - 13*b + 76. Let k(o) = -g(o) - 6*q(o). Determine k(-17).
-8
Let c(u) = 60 - 18*u - u - 47 + 8*u + u. Determine c(5).
-37
Let h(g) be the third derivative of 0*g + 1/24*g**4 + 0 - 42*g**2 + 7/6*g**3. What is h(-3)?
4
Let v(c) be the second derivative of 19*c**3/3 + 3*c**2 + 4371*c. Give v(-1).
-32
Let b(l) = -17*l - 8. Let y(j) = -19*j - 11. Let v(c) = 4*b(c) - 3*y(c). Suppose -a + 6 = -0*a - 2*f, 3*f + 4 = -a. What is v(a)?
-21
Let o(m) = -12 - 8*m - 8*m**2 + 5*m**2 + 2*m**2 + 0*m**2. Let l be o(-5). Let h(s) = 490 - s**2 + 4*s**l - 3*s**3 - s - 489 + 0*s. Give h(2).
3
Let q(r) = r**2 + 4*r - 5. Le